 - 10*j**2 - 9*j + 9. What is the units digit of h(v)?
9
Let a = 8 - -53. What is the tens digit of a?
6
Let b(n) = n**2 + 4*n + 5. Let v be b(-4). Suppose 129 = v*m - 66. What is the units digit of m?
9
Let c(t) = -62*t**2 + t - 1. Let f be c(1). Let g = -34 - f. What is the units digit of g?
8
Suppose -477 = 31*q - 34*q. What is the units digit of q?
9
Suppose 0*t + 76 = 2*t. Suppose t = 5*o - 152. What is the tens digit of o?
3
Let p(d) = -d - 1. Let k = 0 - 1. Let l be p(k). Suppose l = -4*f + 46 - 14. What is the units digit of f?
8
Let w(r) = r**3 + 5*r**2 - r - 4. Let n be w(-5). What is the units digit of 1 + (5 + -2)*n?
4
Suppose 0 = m - 2. Suppose m*k = -2*k + 2*q + 20, 0 = 3*k - 4*q - 10. What is the units digit of k?
6
Suppose -f - 3 - 3 = 0. Let i be (-1 + 3)/((-4)/f). Suppose 0 = o - 3*x + i, 7*o + x = 3*o + 53. What is the tens digit of o?
1
Suppose 0 = -2*r - 2*r + 4*v + 92, 121 = 5*r - 3*v. What is the units digit of r?
6
Suppose 13*t = 17*t - 496. What is the tens digit of t?
2
Let b be -11 - (0 + 2 - 2). Let s = 8 + b. What is the units digit of (-2)/5*15/s?
2
Let o = 2 - -4. Suppose m + 2*u - o = -0*u, -5*m + 4*u - 12 = 0. Suppose m = 4*c - 5*k - 23, 4*c = -3*k - 1 - 0. What is the units digit of c?
2
Let h(y) = 5*y**3 + 2*y**2 - 2. Let a(q) = q**3 + q**2 - 1. Let b(o) = -6*a(o) + h(o). Let d be b(-4). Suppose -w = -7 - d. What is the units digit of w?
1
Let d(q) = 2*q - 5. Let l be d(5). Suppose -l*s + 2*s + 66 = -3*u, 0 = 3*u - 9. What is the tens digit of s?
2
Let x = 62 - 40. Let h = -12 + x. What is the tens digit of h?
1
Let g be (2/3 - 0)*-18. Suppose 6*w - 8*w = 4. What is the units digit of 4/(g/(-39)) + w?
1
Suppose -2*p + 82 = 32. What is the tens digit of p?
2
Suppose -3*y - 1 = 4*z - 0*y, -y - 13 = -5*z. Suppose z*h - 9 = -h. What is the units digit of h?
3
Suppose 2*c = -r + 47, 0*c + 49 = 2*c + 3*r. What is the units digit of c?
3
Let t(a) = -a**3 - 6*a**2 - a - 1. Let r be t(-6). Suppose 3*k - r*u - 127 = 0, -2*k + 5*k - 135 = -3*u. What is the units digit of k?
4
Suppose 3*p + 2*p - 4*f + 42 = 0, -3*f = -2*p - 21. Let l(o) = o + 11. What is the units digit of l(p)?
5
Let r(x) = 11*x - 3. What is the units digit of r(2)?
9
Suppose 7*h - 6*h = 9. Suppose -2*y + 11 = 5*o, o = 4*o + 2*y - h. Let f(m) = 17*m**3 + m**2 + m - 1. What is the units digit of f(o)?
8
Suppose -2*u + 85 - 12 = -3*a, a = 3*u - 127. What is the tens digit of u?
4
Suppose 2*n = 3*n - 56. What is the tens digit of n?
5
What is the tens digit of (1 + -3)*(-314)/4?
5
What is the tens digit of 49 + -1 - (-10 + -2)/6?
5
Let q be ((-20)/(-8))/((-1)/2). Let r(k) = k**2 - 6. What is the tens digit of r(q)?
1
Suppose 5*i - 14 = 3*i + 4*f, -11 = -2*i + f. Suppose -4*p + i*m = -23, 2*m = p - 2*m - 3. What is the units digit of p?
7
Let w be -10*(-3)/12*2. Suppose -w*q = -3*q - 12. What is the units digit of q?
6
Let k be (4/(-4))/((-1)/2). Suppose -n = -3*f - 45, 2*n - k*f - 84 = f. Suppose -5 = -3*a - 4*q + 1, 0 = 5*a - 3*q - n. What is the units digit of a?
6
Suppose -4*d = 3*u - 15, 4*d = -4*u - d + 20. Suppose -f - 6*h = -4*h - 2, -34 = -u*f - 4*h. What is the tens digit of f?
1
Let o(j) = -8*j**3 - j**2 + 7*j + 32. Let h(n) = 3*n**3 - 2*n - 11. Let v(c) = 11*h(c) + 4*o(c). Let r be v(5). Let m = -44 + r. What is the units digit of m?
8
Let g(s) = s**3 + 9*s**2 + s - 8. What is the units digit of g(-8)?
8
Suppose 33 + 18 = o. What is the units digit of o?
1
Let r be (-10)/(-4)*-2*-4. Suppose n - 2*s = -4*n - r, 5 = -s. What is the units digit of -12*(21/n - -3)?
6
Suppose 24 = -3*r - 3*u, -3*u = -4*u - 4. Let x = -6 - -8. What is the units digit of (r - -2)*-1*x?
4
Let f = 17 - 2. Let u be (1 - f/9)*-3. Suppose 0 = 2*b + u*b - 72. What is the tens digit of b?
1
Let q = 91 + -64. What is the tens digit of q?
2
Let r be (-84)/(-108) + (-2)/(-9). Let o(p) = p**2 - p - 1. Let b be o(3). Suppose -4*f + b = r. What is the units digit of f?
1
Let b(u) = 3*u**2 + 7 + 5*u**2 - 2*u**3 + 3*u**3 + 9*u + 1. What is the units digit of b(-6)?
6
Let k(o) = 7*o + 7. Let v be k(6). Let m = 12 + 9. What is the units digit of (v/m)/(2/6)?
7
Let f(k) = k + 1. Let d(o) = 1. Let j(x) = -2*d(x) + f(x). Let z be j(3). What is the units digit of 1 + z/(2/3)?
4
Suppose -2*o + 906 + 240 = 4*u, 3*u + o = 860. What is the units digit of u?
7
Suppose m = -4*m + 10. Suppose 0 = -k + m*x + 41, 3*x - 8*x = -5*k + 200. Suppose 4*q - k = 29. What is the units digit of q?
7
Let l = -688 + 994. What is the tens digit of l?
0
Let w be (-2 + 1 - -1)/1. Suppose -4*l + 0 + 12 = w. Suppose -l*c + 5*f + 45 = 0, -5*c + 2*f = f - 53. What is the tens digit of c?
1
Let w(d) = 2*d**3 - 11*d**2 - 7*d + 13. What is the hundreds digit of w(8)?
2
Suppose -495 = -6*g + g. What is the units digit of g?
9
Let s = 54 - 0. What is the units digit of s?
4
What is the units digit of 831/27 - 4/(-18)?
1
Let o(n) = n + 1. Let r(t) = -t**2 + 3*t + 5. Let l be r(5). Let u be o(l). What is the units digit of -1 - (-3 + u + 2)?
4
Suppose 6*x = -3*z + x + 19, 0 = 4*z + 4*x - 12. Let h be (12/(-9))/(z/(-6)). Let f = -1 - h. What is the units digit of f?
3
Let s(p) = 4*p**3 + 2*p**2 - p. Let c be s(1). Let m = -3 + c. Suppose 0 = 3*l + m*n - 15, 5 = l - 2*n - 8. What is the units digit of l?
7
Suppose 0 = -4*n + 4 + 8. Suppose 0 = n*i - i - 26. What is the tens digit of i?
1
Suppose 0 = -2*r + 4*c + 18, 2*r - 2*c = -r + 19. Suppose 0*p + 29 = p - r*o, p - 14 = 2*o. What is the units digit of p?
4
Suppose -2*o - 6 = o. Let m be o*(0 + 1) + 6. What is the units digit of 28/m + 3 + -2?
8
What is the units digit of (0 - 1)*-52 + -3?
9
Suppose r - 2*i - 2 = -0, i - 6 = -3*r. Let z(g) = g**3 - 3*g + 2*g**r + 3 - 5*g**2 - 1 - 5. What is the units digit of z(4)?
1
Let a(f) = -f + 5. Let t = -14 + 7. Let n = t + 2. What is the tens digit of a(n)?
1
Let q(g) be the second derivative of 0 - 1/20*g**5 - 2*g - 7/12*g**4 + g**3 - 3*g**2. What is the units digit of q(-8)?
0
Suppose 2*j + 7 = 17. Suppose 5*f + j*p - 180 = 0, -f - 4*p = -45 + 12. What is the tens digit of f?
3
Let t be 1*-2 - (1 - 4). Let q = -1 + 1. Let l = q + t. What is the units digit of l?
1
Let k = 63 - 41. What is the tens digit of k?
2
What is the units digit of (5 + 0)*64/10?
2
Suppose -25 = 3*i - 5*b, b = 3*i + 6 - 1. Suppose -18 = -2*c - 3*d, i*c = -c + 4*d + 9. What is the units digit of c?
9
Let w(r) = 2*r + 3*r + 6 - 3*r. Let m be w(-4). Let u(i) = -2*i**3 - 2*i - 3. What is the tens digit of u(m)?
1
What is the units digit of (-10 + 23)/(2/6)?
9
Let u(t) = -9*t**2 + 5*t + 1. Let n(s) = -4*s**2 + 2*s + 1. Let v(r) = -7*n(r) + 3*u(r). Let a = 5 - 2. What is the units digit of v(a)?
8
Let n(a) be the first derivative of -7*a - 7/3*a**3 - 2 - 7/2*a**2 + 1/4*a**4. What is the units digit of n(8)?
1
Suppose -s + 5*d + 30 = 0, -2*s + 3 + 1 = 4*d. Let b = -5 + s. What is the units digit of b?
5
Let m(d) = 5*d**2 - 2*d + 1. Let o be m(1). What is the units digit of (o/(-6))/(6/(-171))?
9
Let c(t) = -t**3 - 9*t**2 + 10*t + 4. Let q be c(-10). Suppose q*h - 10 = 2. What is the tens digit of (-17)/(h + (-4 - 0))?
1
Let h(a) be the first derivative of -a**3/3 + 13*a + 4. What is the units digit of h(0)?
3
Let f(y) = -y + 4. Let v be f(0). Suppose t - v + 1 = 0. Suppose -t*w = -w - 10. What is the units digit of w?
5
Suppose s = 5*s. Let c be (s - -1)*-17 + -1. What is the units digit of (-4)/c - (-350)/45?
8
Let d(x) = x**3 + 9*x**2 - 6*x + 6. What is the tens digit of d(-7)?
4
Suppose -4*w + 43 = w + 3*z, 3*w + z - 29 = 0. What is the units digit of w?
1
Let c = -293 - -421. What is the tens digit of c?
2
Let n = 9 - 24. Suppose b + 71 = 3*m - 0*b, 4*m - 2*b = 98. Let g = m + n. What is the units digit of g?
7
Let m(d) = -2*d**2 + d + 103. What is the units digit of m(0)?
3
What is the tens digit of 3*460/15 - 4?
8
Suppose 3*g = -4*m - 23, 17 = -2*g - 0*m - 3*m. What is the tens digit of (8/(-10))/(g/25)?
2
Let s(v) = -9 + v - 5*v + 0*v**2 + v**2. Let p be s(7). What is the units digit of (-3)/p + 18/8?
2
Let t(o) = -o**2 + 5*o + 7. Let r be t(5). Let c be -2*2/4 + r. Suppose 0 = 3*m - c - 21. What is the units digit of m?
9
Let d(u) = 8*u**2 + u - 2. Let g be d(-2). Let h be ((-2)/8)/((-12)/240). Suppose -h*f = -4*j + g, -9*j + 4*j = f - 35. What is the 